remainder when 48 is divided by v.
0
Let m = 134 + -78. Suppose -4*z + 5*j + 129 = 2*j, -m = -z - 4*j. Calculate the remainder when (50/4)/(6/z) is divided by 39.
36
Let h(c) = -c**3 + 2*c**2 + 3*c + 2. Let f be h(-1). Suppose 3*n + n - 5*y - 91 = 0, f*y = 10. What is the remainder when (1*-1)/((-2)/226) is divided by n?
26
Let z = -21 - -37. Let r = -4 - -5. Suppose r + 4 = n. Calculate the remainder when z is divided by n.
1
Let w = 327 + -78. Calculate the remainder when w is divided by 50.
49
Let n be (1 + -1)*33/(-132). Suppose n = -2*s + 5*c + 1 + 2, 2*s = c + 7. Calculate the remainder when 14 is divided by s.
2
Let m(n) = n**2 - 3. Let x be m(3). Let f = 60 - x. What is the remainder when f is divided by 28?
26
Suppose 30*t - 889 = 2321. Let r(i) = -6*i - 2. What is the remainder when t is divided by r(-4)?
19
Suppose 0 = 8*v - 33 - 215. Suppose 0 = -2*r - 5*m + 7 + 18, -3*m + v = 2*r. What is the remainder when 56 is divided by r?
16
Let x = -194 - -237. Let z = 12 + 3. What is the remainder when x is divided by z?
13
Let m(x) = -8*x - 1. Let a be m(1). Let j(u) = u**2 - 3*u - 14. Let d be j(7). Let l = d + a. What is the remainder when 9 is divided by l?
4
Let n = 163 - -275. Calculate the remainder when n is divided by 20.
18
Let u(k) = 5*k - 33. Let z be u(7). Calculate the remainder when (-116)/(-24)*z*3 is divided by 12.
5
Suppose -4*h + 49 = 1. Let s be (-48)/(0 + (-8)/h). Let f = -33 + s. Calculate the remainder when f is divided by 21.
18
Let t = -49 - -70. Suppose -20 = -2*y + 104. Calculate the remainder when y is divided by t.
20
Suppose 4 = s + 1. Suppose 2 = -f + s. What is the remainder when 36 is divided by (-2 - (-2 + f))*-13?
10
Let a(f) = f**3 + 18*f**2 - 41*f - 410. What is the remainder when 1 - 1 - (-1 + -26) is divided by a(-19)?
3
Let f(o) = -o + 7. Let p be f(15). Let l(c) = -c**3 - 9*c**2 - 8*c + 9. What is the remainder when 42 is divided by l(p)?
6
Suppose -15*u + 715 = 145. What is the remainder when 113 is divided by u?
37
Let p = 81 - 23. Suppose 5*o = 468 - p. What is the remainder when o is divided by 29?
24
Let d(t) = 3*t**3 + 105*t**2 - 5*t + 32. What is the remainder when d(-35) is divided by 15?
12
Suppose n + g = -10 - 1, -5*g + 8 = -4*n. Let j(y) = 2*y**3 + 16*y**2 + 2*y - 4. Calculate the remainder when j(n) is divided by 27.
26
What is the remainder when 133 is divided by (2/6)/(18801/1566 + -12)?
17
Let o = 1311 + -1296. Calculate the remainder when -3 + 2 - 53/(-1) is divided by o.
7
Let b(v) = -14*v - 43. Let r(k) = -7*k - 22. Let u(p) = -3*b(p) + 5*r(p). Calculate the remainder when u(-2) is divided by 2.
1
Let v be (26/(-4))/((-5)/10). Let t be (10 - v) + (9 - -1). Suppose 40 = t*x - 3*x. Calculate the remainder when 26 is divided by x.
6
Let s = 4 + 3. Let v(f) = f**3 - 7*f**2 + 3*f - 9. Suppose 0 = -5*r + 2*r - 2*b + 183, 0 = 3*b - 9. What is the remainder when r is divided by v(s)?
11
Let x = 36 + -32. Suppose d = 5*d - x*v - 32, -4*d = 2*v - 8. Let h(l) = l**3 - 4*l**2 - 2*l - 1. What is the remainder when h(5) is divided by d?
2
Let g = 193 - 189. Let w = 4 + -12. Calculate the remainder when g is divided by w/12 + 16/6.
0
Let i(q) = -q**2 - 12*q - 25. What is the remainder when 40 is divided by i(-3)?
0
Suppose 5*i = h + 1192, -18*i = -23*i + 3*h + 1196. Calculate the remainder when i is divided by 63.
49
Suppose -4*n + 2*n + 24 = 0. Calculate the remainder when -2*(-24 + 6 + 1) is divided by n.
10
Suppose l = 0, 4*i - 79 = 3*l + 9. What is the remainder when 74 is divided by i?
8
Suppose n + 29 = 2*n - 4*t, t + 69 = 5*n. Let y = 54 - 26. What is the remainder when y is divided by n?
2
Let j(u) = u**2. Let z be j(4). Let q = 0 + z. Let c(s) = 7*s**3 - 3*s**2 + 2*s - 1. What is the remainder when c(2) is divided by q?
15
Let g(b) = -18*b + 3. What is the remainder when 104 is divided by g(-1)?
20
Let m(v) = -10*v**2 + 45*v - 4. What is the remainder when 169 is divided by m(3)?
5
Let u = 240 - 235. What is the remainder when 9 is divided by u?
4
Suppose j + 2*x = 203, 3*j - 3*x + 187 = 778. Calculate the remainder when j is divided by 12.
7
Suppose i = -2*j + 25 + 13, 3*j = -15. Calculate the remainder when 123 is divided by i.
27
Let l be -1 + (1 - (-1 + 0)). Let r(d) = 57 - 28 - 2*d + 2*d**2 + 3*d**2 - 27. Calculate the remainder when 27 is divided by r(l).
2
Let j = -162 - -308. Suppose -4*i + 3*v = -266, 0*v - 5*v = 2*i - j. What is the remainder when i is divided by 18?
14
Let x = 36 - 31. Suppose -272 + 6 = -x*n - 3*v, 44 = n - 4*v. Suppose -5*c - 37 + 112 = -g, 5*c - 2*g = 80. What is the remainder when n is divided by c?
10
Let x = 34 - 39. Let o(b) = -b**3 - b**2 + 10. Calculate the remainder when (-28 + -1)*(-6 - x) is divided by o(0).
9
Let s(w) = -w**3 - 5*w**2 + 5*w - 7. Suppose v + 3*z = 6*v + 39, -3 = -z. Let y be s(v). What is the remainder when 50 is divided by -1*(-2 + y + -10)?
11
Suppose 7*t = 17 + 32. Calculate the remainder when 90 is divided by 166/t + -1 - 16/(-56).
21
Suppose -2 - 2 = -p. Suppose a - 2*r - 5 = 0, -5*a - r + 2 - 21 = 0. Let g = a + 9. Calculate the remainder when g is divided by p.
2
Let f = -2 - -2. Suppose -75 = -5*h - f. Let k(w) = 6*w. Calculate the remainder when h is divided by k(1).
3
Let s(m) = m**2 - 15*m - 6. Suppose -95 = 12*d - 287. What is the remainder when 177 is divided by s(d)?
7
Let o(v) = -5*v - 24. Let p be o(-7). Suppose 0 = -p*z + 15*z - 68. What is the remainder when 42 is divided by z?
8
Suppose 9 = 4*i - i. Suppose 0 = -4*f + 6*f - 4. Let p = 14 - f. What is the remainder when p is divided by i?
0
Suppose 0 = 35*j - 30*j - 25. What is the remainder when 42 is divided by j?
2
Suppose -2*m = -m + 19. Let l = 28 + m. What is the remainder when l is divided by 2/(-3 - 14/(-4))?
1
What is the remainder when (-58416)/(-120) + 3/15 is divided by 98?
95
Let v be 2 - (2 - (-3 - 1)). Suppose 4*r + 1 + 5 = -2*h, 8 = -2*r. What is the remainder when (-2 - v)*(-3 + 6) is divided by h?
1
What is the remainder when 114 is divided by (-2645)/(-46)*(-24)/(-20)?
45
Let d = -131 - -190. Suppose -5*z = -2*z + 4*r - d, -3*z = 2*r - 67. Calculate the remainder when z is divided by 6.
1
Suppose -11 - 101 = -16*c. What is the remainder when 32 is divided by c?
4
Let p(w) = 2*w**2 + 26*w - 83. Calculate the remainder when p(4) is divided by 21.
11
Let v(k) = 5*k**2 + 3*k - 9. Let q be v(-6). What is the remainder when 8228/q - (-4)/18 is divided by 14?
12
Let l(j) = 5*j**3 - 34*j**2 - 3*j - 8. Calculate the remainder when 177 is divided by l(7).
17
Let f(r) = 10*r - 24. What is the remainder when 126 is divided by f(6)?
18
Let n be (-10)/(-3) - (-4)/6. Let o(r) = r. Suppose 21*a = -9*a + 300. What is the remainder when a is divided by o(n)?
2
What is the remainder when (-36332)/(-32) - 10/480*18 is divided by 4?
3
Let w be (-34 - -22)*1*-1. Let s = w + -11. What is the remainder when 5 is divided by s?
0
Suppose -963 = 84*g - 87*g. What is the remainder when g is divided by 108?
105
Suppose 12*a - 16*a + 8 = 0. Calculate the remainder when ((-42)/56)/(a/(-56)) is divided by 11.
10
Suppose 4*l + 0*c - 50 = -3*c, 5*l - 72 = c. Calculate the remainder when l is divided by 1.
0
Let u be (63/15 + 3)/(21/140). Suppose u = -26*b + 32*b. What is the remainder when b is divided by 7?
1
Let v = -2195 - -3370. Calculate the remainder when v is divided by 62.
59
What is the remainder when ((-156)/(-16))/13 + 1625/20 is divided by 23?
13
Let r = -504 + 589. What is the remainder when r is divided by 20?
5
Let p(m) = m**2 - m + 2. Suppose 4*w = 1 - 5. Let r be -1*3 + w + 0. What is the remainder when 65 is divided by p(r)?
21
Let x be 15 + -9 - 6/2. Suppose -3 + 27 = x*s. Let t(h) = h**2 + 2*h - 2. What is the remainder when t(3) is divided by s?
5
Let q be (2 - 61)/(2/(-8)). What is the remainder when 42 is divided by (-2)/(-8) + q/16?
12
Suppose 3*y - 304 = 7*y. Let c = -42 - -48. Calculate the remainder when c is divided by y/(-28) + (-6)/(-21).
0
Let u = 426 + -357. What is the remainder when u is divided by (-1)/5 + 142/10?
13
What is the remainder when 8 is divided by 46/10 + (-4 - 22/(-5))?
3
Suppose 623 = 8*r + 31. What is the remainder when r is divided by 28?
18
Let d be 15/(((-75)/(-10))/5). Suppose 14*u - 156 = d*u. What is the remainder when